 divisor of p and 200.
25
Let n = 5 - 10. Let i = n - -20. What is the greatest common factor of i and 5?
5
Let h(w) = 2*w - 6. Let k be h(5). Suppose -3*d - 59 - 17 = -k*a, 0 = 4*d. Calculate the highest common factor of 209 and a.
19
Suppose -20 = 3*j - 95. Suppose 20 = 4*k + 2*m, -4*k = -4*m + m. Suppose -k*r + 8 = -22. What is the greatest common factor of r and j?
5
Let h(t) = t**2 - 12*t + 15. Let b be h(11). Suppose j = -b*o - 4 - 2, 0 = 4*o + 8. Calculate the highest common divisor of j and 2.
2
Suppose -4*r + 5 = q, -4*r - 21 = -2*q + q. Let i = 163 - 20. Calculate the greatest common divisor of i and q.
13
Let j(b) = b. Let o(k) = -38*k + 2. Let a(p) = j(p) + o(p). Let m be a(-2). Let s = m + -46. What is the greatest common factor of s and 6?
6
Let b(o) = -15*o + 321. Let g be b(20). Suppose -5 - 2 = -y. What is the highest common divisor of y and g?
7
Let b be ((-54)/15)/(2/(-10)). Suppose -5*i + i - b = -a, i + 1 = 0. Suppose -70 = -3*l - 2*l. Calculate the highest common factor of l and a.
14
Let i be -2*((-1)/(-1) + -9). What is the highest common divisor of 80 and i?
16
Suppose -17*y + 18*y = 162. Calculate the highest common factor of y and 18.
18
Let i be 17/(1122/12) + (-3736)/(-22). What is the highest common divisor of i and 68?
34
Let a(x) = x**2 - x - 29. Let b be a(-13). Calculate the highest common factor of 17 and b.
17
Let k(o) = -o**3 + 9*o**2 + 6*o. Let a(l) = l + 12. Let g be a(-5). Let v be k(g). Calculate the greatest common divisor of 14 and v.
14
Let y(m) = 8*m**2 + 7*m + 4. Let g = 3 - 7. Let t be y(g). Calculate the highest common divisor of 13 and t.
13
Suppose -y - 5 + 9 = 0. Suppose -y*d + 116 = 2*j - 270, d - 83 = -5*j. Calculate the highest common factor of 14 and d.
14
Let l(x) = 12*x**3 - 1. Let f(c) = -c**2 + 3*c + 5. Let m be f(4). Let u be l(m). Suppose 13 = 3*t - 20. Calculate the highest common divisor of u and t.
11
Suppose -5*c - 5*g + 374 = -186, 5*g - 120 = -c. Suppose 0 = -2*m - 5*r, 0 = 3*m - m - 5*r - 40. What is the greatest common factor of m and c?
10
Let n = -22 + 27. Suppose -t + n*t - 60 = 0. What is the greatest common factor of 135 and t?
15
Let z = 13 + -9. Calculate the greatest common factor of z and 16.
4
Suppose -1 = -3*c + 5. Let a be 3 + -1 + 0/(-3). What is the highest common divisor of a and c?
2
Suppose 0 = -50*p + 54*p - 280. Let t(r) = 6*r + 4. Let f be t(4). Calculate the greatest common divisor of p and f.
14
Let j = 132 + -77. Suppose 0 = 2*q - 7*q + j. Calculate the highest common factor of 55 and q.
11
Let g(i) = -i**2 - 16*i - 7. Let a = 27 - 42. Let q be g(a). What is the highest common factor of q and 24?
8
Suppose 3*z - 67 - 5 = 0. Let r be (35 + -5)*2/5. Calculate the highest common factor of z and r.
12
Suppose 0 = l - 3*l + 28. Let r = 2 + l. What is the greatest common divisor of 144 and r?
16
Let f = 33 - -31. Let r = -31 + f. What is the highest common factor of r and 22?
11
Let b = 6 - -50. Let a(r) = r**2 + 5*r - 4. Let z be a(-6). Suppose -b = -z*t + 124. Calculate the highest common divisor of t and 10.
10
Let z(m) = -3*m + 4 + 10*m - 1 - m**2. Suppose 3*s - f = 4*s - 12, s + 3*f = 22. Let p be z(s). What is the greatest common divisor of 21 and p?
3
Suppose -v - 31 = -2*v - 3*a, -5*a = -10. Let c = 40 - v. Calculate the greatest common factor of c and 75.
15
Suppose -l = 3*b - 18, 0*l + 4*b = 3*l - 54. Calculate the greatest common factor of l and 54.
18
Let v(c) = 5*c - 2. Let u be v(2). Let d be (3 - (2 - 1040)) + -1. Let q be (-2)/(-11) + d/88. What is the greatest common factor of u and q?
4
Suppose 4*y + u + u - 2 = 0, 3*y - 3*u = 6. What is the highest common divisor of y and 19?
1
Suppose -3*y + 42 = 6. What is the greatest common divisor of 96 and y?
12
Let g = -30 - -34. Calculate the highest common divisor of g and 36.
4
Let k(s) = -7*s - 7. Let m(n) = n**2 + 6*n. Let y be m(-5). Let u be k(y). What is the highest common factor of u and 28?
28
Let h be (-515)/(-35) - (-4)/14. Calculate the highest common factor of h and 15.
15
Suppose 4*h + 8 = 0, h + 41 = -0*z + 3*z. What is the highest common divisor of 39 and z?
13
Let i(h) be the second derivative of -2*h**3 + h**2 - 6*h. Let v be i(-2). Calculate the greatest common divisor of 234 and v.
26
Let a = 171 - 135. What is the highest common divisor of a and 90?
18
Let i(c) = 20*c - 5. Let l be i(2). What is the highest common factor of l and 35?
35
Let i be 2*9/8*4. Let r be 3*3*2/i. Suppose -r*s = -s + 4*y - 124, -5*y = 4*s - 463. Calculate the greatest common factor of s and 14.
14
Suppose 3*m - 60 = -5*u, -m + 60 = 3*u - 4*m. Suppose 4*w - 154 - 318 = 0. Let c be w - 1 - (-3)/1. What is the highest common factor of u and c?
15
Suppose -5*n = -4*h - 0*h - 2, -h + 4*n - 6 = 0. Suppose r = -h*a - 4 + 13, 0 = -3*a - r + 14. What is the highest common factor of 55 and a?
5
Suppose 23 = 4*z - 3*s, -7*z - 5*s - 17 = -3*z. Suppose -z*l + 4*y + 32 = 0, -l + y = -19 - 0. Calculate the greatest common factor of 33 and l.
11
Let x be ((-16)/(-14))/4*7. Let v be 18*(12/x - 2). Let f = 63 - 45. Calculate the greatest common divisor of v and f.
18
Let k = 1122 - 739. Let o = -223 + k. Let l = -29 - -49. What is the greatest common divisor of o and l?
20
Suppose 317 - 66 = u. Suppose -u = -2*o - l, -o + 231 = o + 5*l. Let n = 59 - 43. What is the greatest common divisor of n and o?
16
Let l(u) = -u**3 + 6*u**2 - 10*u + 5. Let b be l(7). Let s be (b/(-9))/((-6)/(-63)). What is the greatest common divisor of 19 and s?
19
Suppose 0 = -2*m - 0*m + 270. Suppose -6*c - 5*h + 133 = -2*c, -h + 32 = c. What is the highest common divisor of c and m?
27
Suppose 5*g - 186 - 18 = 4*p, 2*g + 5*p = 75. What is the greatest common factor of 16 and g?
8
Let g = 9 - -11. Calculate the greatest common divisor of g and 30.
10
Suppose 0 = -r - 3*n - 2, -9 = 4*n - n. What is the greatest common factor of 21 and r?
7
Let s be (-10)/(-2 + 0 + 0). Suppose 36 = -s*h + 91. What is the highest common divisor of 66 and h?
11
Let p be 2/((-2)/(-238)*2). What is the greatest common divisor of p and 17?
17
Let h(d) = 3*d**2 + 12*d - 15. Let i be h(-11). What is the highest common divisor of 27 and i?
27
Let c(r) = -2*r**3 - 3*r**2 - r - 2. Let p be c(-2). Let t(x) = x**2 - x - 2. Let g be t(p). What is the greatest common factor of 4 and g?
2
Suppose 3*b - 2*v = 24 + 32, 4*b = 5*v + 70. What is the highest common divisor of b and 4?
4
Let p = -36 + 40. What is the greatest common divisor of p and 4?
4
Let m(w) be the first derivative of w**3 - w**2/2 + w + 1. Let q be m(1). What is the highest common divisor of q and 2?
1
Let v = -12 - -14. Let i be 2/3 + 30/9. Suppose 4 = 2*o + 4*x, i = 5*o + v*x - 22. What is the highest common divisor of 66 and o?
6
Let j(n) = -3*n + 6. Let r be j(-11). Calculate the highest common divisor of 13 and r.
13
Suppose 3*c = -0*c + 6. Let z(f) = 3*f. Let r be z(c). Calculate the greatest common divisor of 66 and r.
6
Let s = 14 - 8. Let u be (68/s)/((-2)/(-6)). Let p(z) = z**3 - 11*z**2 + 7*z - 26. Let x be p(11). What is the greatest common factor of u and x?
17
Suppose 5*a = 4*x + 97, 2*x = 3*a - 21 - 36. Suppose -4*g - 376 = -4*h, 0 = -5*g - a - 3. Let d = -27 + h. Calculate the greatest common factor of d and 9.
9
Let q(v) = -4*v - 6. Let u be q(-9). Calculate the highest common divisor of 6 and u.
6
Suppose -6*d + 2*d - 4 = 0. Let n be d/(-3 + 314/105). What is the highest common factor of n and 21?
21
Suppose -82*a = -71*a - 4059. Calculate the greatest common factor of a and 41.
41
Let b be ((-13)/2)/((-2)/4). Let r be (b + -1)/(2 - 1). Suppose 0 = -20*a + 16*a + 192. What is the highest common factor of r and a?
12
Let y = 167 + -117. What is the highest common factor of 10 and y?
10
Suppose 2*t = 2*v - v + 14, 3*v = 5*t - 33. What is the highest common divisor of t and 3?
3
Let a = 29 - 11. What is the highest common factor of 18 and a?
18
Suppose t - 2 = -5*p - 6, 4*t - 2*p = 28. Calculate the highest common factor of t and 54.
6
Suppose -4*l + 11 + 9 = 2*s, -5*l = -s - 11. Suppose -s*n - 2*d = -3*d - 63, 2*n = d + 33. Calculate the greatest common divisor of n and 135.
15
Let i be 31/(-4)*-2*2. Let q be 1/(-1) - -3*2. Suppose 5*j + 3*u - 24 = 5, -q*u = -3*j + i. What is the greatest commo